{"id":1812,"date":"2023-05-02T07:42:58","date_gmt":"2023-05-02T10:42:58","guid":{"rendered":"https:\/\/b2s.unitedbusinessarg.com\/?post_type=product&#038;p=1812"},"modified":"2023-05-02T11:30:58","modified_gmt":"2023-05-02T14:30:58","slug":"charming-28-house","status":"publish","type":"product","link":"https:\/\/b2s.unitedbusinessarg.com\/index.php\/product\/charming-28-house\/","title":{"rendered":"Charming 28 house"},"content":{"rendered":"","protected":false},"excerpt":{"rendered":"<p>Casa moderna, em zona residencial calma, situada perto da esta\u00e7\u00e3o de metro da Lapa. Localiza\u00e7\u00e3o a 15 minutos a p\u00e9 da Baixa do Porto. A casa possui um logradouro que permite disfrutar de momentos tranquilos outdoor. Venha disfrutar de uma casa moderna na cidade do Porto.<\/p>\n","protected":false},"featured_media":1832,"comment_status":"open","ping_status":"closed","template":"","meta":{"_et_pb_use_builder":"","_et_pb_old_content":"","_et_gb_content_width":""},"product_brand":[],"product_cat":[69],"product_tag":[],"class_list":{"0":"post-1812","1":"product","2":"type-product","3":"status-publish","4":"has-post-thumbnail","6":"product_cat-rent","7":"pa_room-t1","9":"first","10":"instock","11":"shipping-taxable","12":"purchasable","13":"product-type-simple"},"_links":{"self":[{"href":"https:\/\/b2s.unitedbusinessarg.com\/index.php\/wp-json\/wp\/v2\/product\/1812","targetHints":{"allow":["GET"]}}],"collection":[{"href":"https:\/\/b2s.unitedbusinessarg.com\/index.php\/wp-json\/wp\/v2\/product"}],"about":[{"href":"https:\/\/b2s.unitedbusinessarg.com\/index.php\/wp-json\/wp\/v2\/types\/product"}],"replies":[{"embeddable":true,"href":"https:\/\/b2s.unitedbusinessarg.com\/index.php\/wp-json\/wp\/v2\/comments?post=1812"}],"wp:featuredmedia":[{"embeddable":true,"href":"https:\/\/b2s.unitedbusinessarg.com\/index.php\/wp-json\/wp\/v2\/media\/1832"}],"wp:attachment":[{"href":"https:\/\/b2s.unitedbusinessarg.com\/index.php\/wp-json\/wp\/v2\/media?parent=1812"}],"wp:term":[{"taxonomy":"product_brand","embeddable":true,"href":"https:\/\/b2s.unitedbusinessarg.com\/index.php\/wp-json\/wp\/v2\/product_brand?post=1812"},{"taxonomy":"product_cat","embeddable":true,"href":"https:\/\/b2s.unitedbusinessarg.com\/index.php\/wp-json\/wp\/v2\/product_cat?post=1812"},{"taxonomy":"product_tag","embeddable":true,"href":"https:\/\/b2s.unitedbusinessarg.com\/index.php\/wp-json\/wp\/v2\/product_tag?post=1812"}],"curies":[{"name":"wp","href":"https:\/\/api.w.org\/{rel}","templated":true}]}}